9 + d. Calculate the highest common divisor of z and 2.
2
Let u be (-74)/(-6) - (-2)/(-6). Let a(d) = d**2 - 2*d - 12. Let i be a(6). What is the greatest common divisor of i and u?
12
Let v(b) = 4*b**2 + 5*b - 4. Let r be v(-4). Calculate the highest common divisor of r and 8.
8
Suppose 2*t - 2*p = -10, -2*p = -3*t - p - 7. Let y = 6 - t. What is the highest common factor of 7 and y?
7
Suppose 32 = -o - 3*o. Let r(x) = x**3 + 9*x**2 - 3*x + 8. Let s be r(o). What is the highest common divisor of 12 and s?
12
Let i(f) = -20*f + 1. Let o be i(-1). Let g be (1/(-3))/((-4)/36). Calculate the highest common divisor of o and g.
3
Let c(d) = 3*d**2 + 7*d - 1. Let a be c(-6). Suppose -h - 2*q = 2, -3*q - a = -5*h + 2*q. What is the greatest common divisor of 72 and h?
8
Suppose -4*r = 3*q - 224, -2*q + 0*r = -2*r - 168. Let l = q + -35. What is the highest common factor of 15 and l?
15
Suppose -4*r = -32 - 52. Let i = 40 - 37. Calculate the greatest common factor of i and r.
3
Let n = 73 + -39. Calculate the highest common divisor of 34 and n.
34
Suppose y = -2, q = 5*y + 13 + 2. Calculate the greatest common factor of q and 20.
5
Let d(g) = -13*g + 3. Let q be d(-15). What is the highest common divisor of q and 18?
18
Suppose -8 = -3*d - 4*f, 0 = 2*d - d + 3*f - 11. Let t be 18/(-12)*d/3. Calculate the highest common divisor of t and 3.
1
Let p = -15 + 21. Let w = 9 - p. Suppose -w*x = -5*x + 84. What is the highest common divisor of x and 6?
6
Suppose 0 = t - 7 + 6. Suppose -h - t = 0, -2*p + 2*h + 0*h + 6 = 0. What is the highest common divisor of p and 22?
2
Suppose -4*z + 39 + 60 = d, 3*d = -z + 11. What is the highest common factor of z and 13?
13
Suppose 0 = 4*c - 10 - 6. Suppose -40 = -c*u - 3*q, -3*q - 21 = -5*u + 29. What is the greatest common divisor of u and 50?
10
Let m = 216 - 106. Let p = m - 65. Calculate the highest common factor of 18 and p.
9
Let u = -71 + 78. Let r be 7 - 0 - (2 + -2). Calculate the greatest common divisor of u and r.
7
Let m(b) = b**3 + 3*b**2 - 6*b - 6. Let s be m(-3). Calculate the highest common divisor of s and 36.
12
Let y = 426 + -415. Let a be 360/14 + (-4)/(-14). Let g = 37 - a. What is the greatest common divisor of g and y?
11
Suppose -121 = -4*a + 5*p, -4*a = a + 3*p - 105. Let j = -96 + 145. Suppose j - 13 = r. What is the highest common factor of a and r?
12
Suppose i = 3*i - 264. Suppose 4*p = -z + 49, p - 3*p - 2*z = -26. What is the greatest common divisor of p and i?
12
Let b be 24/(-9)*(-135)/10. Calculate the greatest common factor of 18 and b.
18
Suppose -h + 0*u + 5*u = -247, 4*u + 12 = 0. Calculate the greatest common divisor of h and 8.
8
Let f be 2/(-3 - 1)*-8. Suppose 28 = 2*q + f*z + z, -4 = -2*z. What is the highest common factor of q and 3?
3
Suppose -2*m - 13 = 5*t, 1 = -5*m - 3*t - 3. Suppose 5 + m = l. What is the highest common divisor of l and 48?
6
Let r be (2/(-7))/((-2)/14). Suppose -4*g - 4*o + 44 = -r*g, -4*o - 82 = -5*g. What is the highest common factor of 12 and g?
6
Let a = 58 - 10. Suppose 5*g + 99 = 4*b - a, -4*b + 123 = 3*g. Suppose 0*r = -5*u - 5*r + 50, -5*r + 28 = 3*u. Calculate the highest common divisor of b and u.
11
Let f be (-8)/(-28) + 372/(-28). Let v = -11 - f. Calculate the greatest common divisor of v and 16.
2
Suppose 0 = -b + 3 + 2. Suppose 4*p + 5*n - 3*n - 100 = 0, -b*n = -3*p + 62. Let o = p + -8. What is the highest common factor of 176 and o?
16
Let i be ((-3)/9)/(4/12) - -46. What is the greatest common factor of 5 and i?
5
Let y be 34 - 7/(21/6). What is the highest common divisor of y and 16?
16
Let x(q) = 28*q**2 - q. Let a be x(-1). Calculate the highest common factor of a and 261.
29
Let a(z) = 4*z**3 - 3*z**2 + 2*z + 1. Let t be a(2). Calculate the greatest common divisor of 125 and t.
25
Let u be (246/(-9))/(8/(-12)). Suppose 11 = -5*x + u. What is the highest common factor of 54 and x?
6
Let f = -3 - 25. Let w = 43 + -1. Let k = w + f. Calculate the highest common factor of k and 112.
14
Let h = -33 + 23. Let k = 14 + h. What is the highest common factor of k and 12?
4
Let v(h) = -h**3 - 5*h**2 - 5*h + 5. Let g be v(-5). Let r(n) = -n**3 - 9*n**2 + 15*n - 2. Let b be r(-11). What is the greatest common divisor of b and g?
15
Let u(q) = 3*q + 18. Let i be u(-6). Suppose 2*j + 2*j - 72 = i. What is the greatest common factor of 144 and j?
18
Suppose 2*w + 13 = 4*u + w, -4*u - 2*w - 2 = 0. Calculate the highest common factor of 10 and u.
2
Let i be 24/5*(-10)/(-3). Let r = -51 + 74. Let o = r - -1. What is the greatest common factor of i and o?
8
Let c be (24/(-60))/((-2)/60). Let k = 64 - 155. Let y = k - -127. Calculate the highest common factor of c and y.
12
Suppose 31 = s - i, 2*i + 3*i - 185 = -5*s. What is the highest common divisor of 136 and s?
34
Suppose 4*m = -2*p + 8, -2 = m - p + 2. Let l be 1*1/(-2)*m. Let j be l + 1 - -2*2. Calculate the greatest common divisor of 20 and j.
5
Let p be (-1 - 0)*5 + 0. Suppose 2*d - 5*c = 33, -2*c - 5 = 1. Let g = d + p. Calculate the highest common divisor of g and 16.
4
Let v = 25 + -12. Suppose -v*d = -11*d - 24. Calculate the greatest common divisor of d and 108.
12
Let b = 21 + -13. Let v(g) = g + 1. Let x be v(b). What is the highest common divisor of 6 and x?
3
Let d = -42 - -66. Calculate the highest common factor of d and 8.
8
Let h(x) = 2*x + 16. Let l be h(0). Calculate the greatest common factor of l and 112.
16
Let d(v) = 5*v**2 + 2*v - 1. Let y be d(1). Let n be 375/y*24/15. What is the greatest common factor of n and 40?
20
Suppose -4*g = -5*g + 59. Let f = g + -39. What is the highest common divisor of f and 180?
20
Let s be 6/4 - 1460/8. Let r = -102 - s. Suppose 4*n - r = -5*a, -3*a + 3 = -2*a. What is the greatest common divisor of n and 24?
8
Suppose 0 = -m - 4*p, -3*m = -0*m + 2*p - 10. Calculate the highest common divisor of 12 and m.
4
Suppose -2 = a - 4*x - 10, 2*a = 3*x + 11. Let n(v) = v**3 - 6*v**2 + 3*v + 2. Let t be n(6). Calculate the greatest common divisor of a and t.
4
Let l be (-18 - 2)*(-2)/(-2). Let t = l + 52. Suppose -4*i + b + 2 = -17, -5*i + t = -4*b. Calculate the greatest common factor of 32 and i.
4
Let y be (3 - -3 - 3) + 12. Let l(h) = h**3 + 3*h**2 - 2*h + 5. Let p be l(-4). Let x be 2*p/6*-3. What is the highest common divisor of y and x?
3
Suppose 0 = -5*c - 5*i + 40, -9 = -4*c + i + 23. What is the highest common divisor of 152 and c?
8
Let t = -4 - -7. Let j(s) = -s**2 - 13*s + 2. Let q be j(-13). Let z = t + q. Calculate the highest common factor of z and 45.
5
Suppose 0 = -3*r + 8*r, -5*r + 18 = 3*u. Suppose d = -3*f, 0*f + 8 = -4*f. What is the greatest common factor of u and d?
6
Let o(n) = n**3 - 19*n**2 - n + 29. Let b be o(19). Calculate the highest common divisor of b and 60.
10
Let i be (-30)/(-8) + (-70)/(-56). Suppose l - 225 = -4*l. Calculate the greatest common factor of l and i.
5
Let g be ((-3 - 0) + -9)*-7. Let d(k) = -25*k**2 - k - 1. Let r be d(-1). Let w = -13 - r. What is the greatest common factor of g and w?
12
Suppose 0 = 3*i - 67 + 7. Let l = 3 + -5. Let p = i + l. What is the greatest common factor of 2 and p?
2
Let r be (-21)/9*3*-2. What is the greatest common divisor of 14 and r?
14
Let t be (2 - 17)*(-12)/18. Let a(x) = x**3 - 11*x**2 + 14*x + 2. Let l be a(t). What is the greatest common factor of 63 and l?
21
Let o be -24*(4 + -3)/(-2). Calculate the highest common factor of o and 60.
12
Let p(d) = d**2 - 14*d + 6. Let q be p(11). Let y be (-9)/q - 10/(-6). Let u be (8/(-6))/(y/(-6)). What is the greatest common divisor of u and 16?
4
Suppose 0 = -4*k - 8, 4 = -h + 2*h + 5*k. Calculate the highest common divisor of 14 and h.
14
Suppose 0 = 2*j + 5*l - 40, -2*j - j + 46 = 4*l. Calculate the greatest common divisor of 80 and j.
10
Let y be (1 - -2) + -1 + 9. Calculate the highest common divisor of 99 and y.
11
Let j(d) = 8*d - 4. Let s be j(3). What is the highest common factor of 160 and s?
20
Let u(m) = -m**3 + 11*m**2 - 21*m - 12. Let q be u(9). Suppose w - 300 = -3*w. Let r = w + q. What is the greatest common factor of 18 and r?
18
Let t(i) = i**3 + 6*i**2 - 3*i - 1. Let w be t(-6). Let f = w - 5. Calculate the highest common divisor of f and 18.
6
Suppose 58 = 5*h - 67. Calculate the highest common divisor o